{"id":913,"date":"2011-12-03T12:54:37","date_gmt":"2011-12-03T12:54:37","guid":{"rendered":"http:\/\/www.stoeterijwelfare.com\/?page_id=913"},"modified":"2013-11-04T19:57:33","modified_gmt":"2013-11-04T19:57:33","slug":"zweden","status":"publish","type":"page","link":"http:\/\/www.stoeterijwelfare.com\/?page_id=913","title":{"rendered":"Stuteri Welfare"},"content":{"rendered":"<h2>Stuteriet<\/h2>\n<p style=\"text-align: left;\"><img loading=\"lazy\" decoding=\"async\" class=\"alignleft size-full wp-image-1079\" src=\"http:\/\/www.stoeterijwelfare.com\/wordpress\/wp-content\/uploads\/2011\/12\/DSC012171.jpg\" alt=\"\" width=\"450\" height=\"338\" srcset=\"http:\/\/www.stoeterijwelfare.com\/wordpress\/wp-content\/uploads\/2011\/12\/DSC012171.jpg 450w, http:\/\/www.stoeterijwelfare.com\/wordpress\/wp-content\/uploads\/2011\/12\/DSC012171-300x225.jpg 300w\" sizes=\"auto, (max-width: 450px) 100vw, 450px\" \/>2008 startade vi med att f\u00f6da upp h\u00e4star\u2026 en \u00f6nskan eller dr\u00f6m som vi hade haft i minst 20 \u00e5r blev d\u00e5 verklighet.<\/p>\n<p>Stuteri Welfare \u00e4r grundad f\u00f6r uppf\u00f6dning och matchning av KWPN f\u00f6l med en dressyrbakgrund. Vi har medvetet letat efter avelssto som har linjer d\u00e4r vissa hingstar inte f\u00f6rekommer\u2026.och det har vi lyckats med.<\/p>\n<p>Juni 2008 kom v\u00e5rt f\u00f6rsta sto Javelin M (e. Pretendent),\u00a0i augusti samma \u00e5r kom Uvera (e. Democraat).\u00a0 Och sedan januari 2011 har vi f\u00f6rutom v\u00e5ra KWPN-sto ett Trakehner sto, Dandelion Hailey (v. Sevillano xx) i v\u00e5rt stall.<\/p>\n<h2>Aveln<\/h2>\n<p><img loading=\"lazy\" decoding=\"async\" class=\"alignleft size-full wp-image-1071\" src=\"http:\/\/www.stoeterijwelfare.com\/wordpress\/wp-content\/uploads\/2011\/12\/DSC004961.jpg\" alt=\"\" width=\"240\" height=\"320\" srcset=\"http:\/\/www.stoeterijwelfare.com\/wordpress\/wp-content\/uploads\/2011\/12\/DSC004961.jpg 240w, http:\/\/www.stoeterijwelfare.com\/wordpress\/wp-content\/uploads\/2011\/12\/DSC004961-225x300.jpg 225w\" sizes=\"auto, (max-width: 240px) 100vw, 240px\" \/>V\u00e5ra ston kommer fr\u00e5n gamla avelslinjer, som enligt v\u00e5r \u00e5sikt utg\u00f6r en bra stabil grund f\u00f6r v\u00e5r uppf\u00f6dning. Vi har medvetet valt avelsston som inte h\u00e4rstammar fr\u00e5n hingstarna Jazz, Ferro eller Flemmingh. Det betyder dock inte att vi inte vill anv\u00e4nda dessa pr\u00f6vade \u2018st\u00e4mpelhingstar\u2019 eller deras avkommor i aveln, tv\u00e4rt emot..!\u00a0<\/p>\n<p>Eftersom v\u00e5ra ston inte har dessa blodlinjer har vi ett utbrett val. Vi kan v\u00e4lja en \u2019bepr\u00f6vad\u2019 hingst eller chansa med en yngre, intressant hingst. Vi tittar framf\u00f6rallt p\u00e5 sportindexet och karakt\u00e4r n\u00e4r vi v\u00e4ljer hingst. V\u00e5ra f\u00f6l ska kunna passa varje individ och prestera bra f\u00f6r dem. Dessutom \u00e4r karakt\u00e4ren enormt viktig f\u00f6r oss. Inte bara f\u00f6r oss sj\u00e4lva utan ocks\u00e5 f\u00f6r de framtida \u00e4gare som ska kunna jobba och umg\u00e5s med v\u00e5ra h\u00e4star med gl\u00e4dje.<\/p>\n<p>Att avla och tr\u00e4na h\u00e4star och delta p\u00e5 bed\u00f6mningar \u00e4r facetter inom h\u00e4stsporten som \u00e4r sammanl\u00e4nkade. Det \u00e4r ytterst viktigt att man k\u00e4nner sitt sto, att man vet vad som \u00e4r hennes starka och svaga sidor. Med vilken hingst skulle man kunna f\u00f6rst\u00e4rka de starka sidor och f\u00f6rb\u00e4ttra de svagare? N\u00e4r vi v\u00e4ljer hingst tittar vi inte bara p\u00e5 stoets exteri\u00f6r, men \u00e4ven p\u00e5 hennes r\u00f6relsem\u00f6nster. Vi v\u00e4ljer sen en hingst som passar henne b\u00e4st b\u00e5de n\u00e4r det g\u00e4ller kroppsuppbyggnaden och r\u00f6relserna.<\/p>\n<p>F\u00f6r att kunna g\u00f6ra ett r\u00e4tt val, ser vi \u00f6ver v\u00e5rt material l\u00e5ngt i f\u00f6rv\u00e4g och g\u00f6r en noggrann bed\u00f6mning. N\u00e4r vi bes\u00f6ker hingstshower 2011 tittar vi redan efter hingstvalet inf\u00f6r avelss\u00e4songen 2012\u2026 man kan aldrig vara f\u00f6r tidigt! P\u00e5 s\u00e5 s\u00e4tt kan man f\u00f6lja en hingst ett helt \u00e5r, hur prestarar den inom idrotten, hur blir hans avkommor bed\u00f6mda, det \u00e4r viktiga faktorer som spelar roll f\u00f6r v\u00e5rt slutgiltiga beslut.<\/p>\n<p>Vi f\u00f6rs\u00f6ker varje \u00e5r f\u00f6da upp ett eller tv\u00e5 f\u00f6l. Hingstf\u00f6len s\u00e4ljer vi, stof\u00f6len stannar kvar f\u00f6r att unders\u00f6kas r\u00f6ntgenologiskt vid tv\u00e5 \u00e5rs \u00e5lder. F\u00f6r dessa h\u00e4star l\u00e4gger vi upp ett tr\u00e4ningsschema. Ston som \u00e4r genetiskt intressanta en uppfyller v\u00e5ra \u00f6nskem\u00e5l n\u00e4r det g\u00e4ller r\u00f6relse, exteri\u00f6r och karakt\u00e4r tr\u00e4nas inf\u00f6r de holl\u00e4ndska EPTM- eller IBOP-tester. Den nya generationen ska f\u00f6rst prestera inom idrotten f\u00f6r att sen anv\u00e4ndas i aveln. De \u00f6vriga h\u00e4starna matchas inf\u00f6r idrotten och s\u00e4ljs sedan.<\/p>\n<h2>Ston<\/h2>\n<p>Vi anv\u00e4nder ston i v\u00e5r uppf\u00f6dning fr\u00e5n stolinjer som kommer fr\u00e5n KWPN och Trakehner Verband.<\/p>\n<h2><a href=\"http:\/\/www.paardenfokken.nl\/pedigree.php?horseid=69446\" target=\"_blank\"><img loading=\"lazy\" decoding=\"async\" class=\"alignleft\" title=\"Javelin M\" src=\"http:\/\/www.stoeterijwelfare.com\/wordpress\/wp-content\/uploads\/2011\/01\/javelin-hoofd.jpg\" alt=\"\" width=\"170\" height=\"250\" \/><\/a><\/h2>\n<p><strong>Javelin M<\/strong> \u00e4r den \u00e4ldsta av v\u00e5ra ston. Hon kommer fr\u00e5n en stam med m\u00e5nga predikat, den k\u00e4nda Rania-stam (stolinje 43 \u2013 avelsfamilj 316) fr\u00e5n herr H.J. Pot i Wittelte. Samma stam gav tre godk\u00e4nda avelshingstar; Oscar (e. Wolfgang), Kimberley (e. Cabochon) och Luron (e. Guidam).<\/p>\n<p>Prestationer:<br \/>\nP\u00e5 tre\u00e5rstestet i 1996 fick hon<br \/>\nExteri\u00f6r\u00a0\u00a0\u00a0 72 po\u00e4ng<br \/>\nR\u00f6relser\u00a0\u00a0\u00a0 74 po\u00e4ng\ufeff<\/p>\n<p>F\u00f6l:<br \/>\nHylesia MB\u00a0(e. EH Kasparow)<br \/>\nInyx MB (e.\u00a0Davino V.O.D.)<\/p>\n<p><img loading=\"lazy\" decoding=\"async\" title=\"javelin\" src=\"http:\/\/www.stoeterijwelfare.com\/wordpress\/wp-content\/uploads\/2011\/01\/javelin.jpg\" alt=\"\" width=\"411\" height=\"237\" \/><\/p>\n<p>Far:<br \/>\n<strong><a href=\"http:\/\/www.paardenfokken.nl\/pedigree.php?horseid=1401\" target=\"_blank\"><img loading=\"lazy\" decoding=\"async\" class=\"alignright\" title=\"Pretendent\" src=\"http:\/\/www.stoeterijwelfare.com\/wordpress\/wp-content\/uploads\/2011\/01\/pretendent.jpg\" alt=\"\" width=\"250\" height=\"191\" \/><\/a>Pretendent<\/strong> (v. Le Faquin) blev \u2018keur\u2019 p\u00e5 grund av sin idrotts- och avelsresultat. Hans avkommor rankas h\u00f6gt inom (fr\u00e4mst) dressyren, men \u00e4ven inom hoppning ligger de \u00f6ver medelsnittet. Pretendent spelar en viktig roll inom aveln, stona efter honom f\u00e5r bra resultat p\u00e5 de olika bed\u00f6mningarna. Han har tv\u00e5 godk\u00e4nda s\u00f6ner, Vanitas och Vincent, som b\u00e5de excellerer inom idrotten. Pretendent dog 1992 p\u00e5 grund av hj\u00e4rtstillest\u00e5nd.<\/p>\n<p><img loading=\"lazy\" decoding=\"async\" title=\"welfare\" src=\"http:\/\/www.stoeterijwelfare.com\/wordpress\/wp-content\/uploads\/2011\/01\/welfare.jpg\" alt=\"\" width=\"450\" height=\"10\" \/><\/p>\n<p><strong><a href=\"http:\/\/www.paardenfokken.nl\/pedigree.php?horseid=326069\" target=\"_blank\"><img loading=\"lazy\" decoding=\"async\" class=\"alignleft\" title=\"Uvera\" src=\"http:\/\/www.stoeterijwelfare.com\/wordpress\/wp-content\/uploads\/2011\/01\/uvera-hoofd.jpg\" alt=\"\" width=\"181\" height=\"250\" \/><\/a>Uvera<\/strong> \u00e4r det mellersta stoet och med Democraat som far och Variant som farfar kan man nog med f\u00f6rdel kalla henne en allrounder.<\/p>\n<p>F\u00f6l:<br \/>\nFalanx MB (e. Advance)<br \/>\nGuilietta\u00a0MB (e. Apache)<br \/>\nHoney Bee&#8217;s Art\u00a0(e. McJonnas)<\/p>\n<p><img loading=\"lazy\" decoding=\"async\" title=\"uvera_II\" src=\"http:\/\/www.stoeterijwelfare.com\/wordpress\/wp-content\/uploads\/2011\/01\/uvera_II.jpg\" alt=\"\" width=\"411\" height=\"240\" \/><\/p>\n<p>Far:<br \/>\n<strong><a href=\"http:\/\/www.paardenfokken.nl\/pedigree.php?horseid=2914\" target=\"_blank\"><\/a><a href=\"http:\/\/www.paardenfokken.nl\/pedigree.php?horseid=2914\" target=\"_blank\"><img loading=\"lazy\" decoding=\"async\" class=\"alignright\" title=\"Democraat\" src=\"http:\/\/www.stoeterijwelfare.com\/wordpress\/wp-content\/uploads\/2011\/01\/Democraat_1.jpg\" alt=\"\" width=\"170\" height=\"245\" \/><\/a>Democraat <\/strong>(e. Pion) har gjort sitt bruksprov i Warendorf och slutade som vinnare. Hans barn presterar utm\u00e4rkt i b\u00e5de dressyr och hoppning, som g\u00f6r att han har en h\u00f6g rankning i b\u00e5da index. Med Anky van Grunsven n\u00e5dde Democraat nationella och internationella framg\u00e5ngar. Dessutom har han hoppat 1.40 nationell med Jos Lansink och senare n\u00e5dde han m\u00e5nga internationella framg\u00e5ngar med Jutta Winkler. Democraat dog 2012, 27 \u00e5r gammal.<\/p>\n<p><img loading=\"lazy\" decoding=\"async\" title=\"welfare\" src=\"http:\/\/www.stoeterijwelfare.com\/wordpress\/wp-content\/uploads\/2011\/01\/welfare.jpg\" alt=\"\" width=\"450\" height=\"10\" \/><\/p>\n<p><strong><a href=\"http:\/\/www.paardenfokken.nl\/pedigree.php?horseid=625024\" target=\"_blank\"><\/a><strong><a href=\"http:\/\/www.paardenfokken.nl\/pedigree.php?horseid=625024\" target=\"_blank\"><img loading=\"lazy\" decoding=\"async\" class=\"alignleft\" title=\"Hailey\" src=\"http:\/\/www.stoeterijwelfare.com\/wordpress\/wp-content\/uploads\/2011\/01\/Hailey21.jpg\" alt=\"\" width=\"187\" height=\"250\" \/><\/a><\/strong>Dandelion Hailey<\/strong> (v. Sevillano xx) \u00e4r v\u00e5rt yngsta sto. <strong><a href=\"http:\/\/www.paardenfokken.nl\/pedigree.php?horseid=625024\" target=\"_blank\"><\/a><\/strong>Hon bor sedan januari 2011 hos oss och ska i \u00e5r f\u00f6r f\u00f6rsta g\u00e5ngen anv\u00e4ndas i aveln.<br \/>\nPrestation:<br \/>\nP\u00e5 kvalitetsbed\u00f6mningen i 2008 fick hon 53 po\u00e4ng: Typ 8, K\u00f6rp 7, Fun 7, S 8, T 8, G 7.5 och\u00a0Ges. 7.5<br \/>\nDetta g\u00f6r att hon kvalificerar f\u00f6r en (Verbands-)Premie under f\u00f6ruts\u00e4ttning att hon genomg\u00e5r ett sto-test eller startar L2 med vinstpo\u00e4ng. Hailey f\u00e5r starta inom L2, men har \u00e4nnu inte samlat p\u00e5 sig n\u00e5gra vinstpo\u00e4ng.<\/p>\n<p>\ufeffF\u00f6l:<br \/>\nHadiyyah MB (e.\u00a0EH Connery)\u00a0<\/p>\n<h6>Vivi Anne van Dijk och Tamara Kerssens \u00e4r Dandelion Haileys \u00e4gare<\/h6>\n<h6><img loading=\"lazy\" decoding=\"async\" title=\"hailey\" src=\"http:\/\/www.stoeterijwelfare.com\/wordpress\/wp-content\/uploads\/2011\/01\/hailey1.jpg\" alt=\"\" width=\"411\" height=\"234\" \/><br \/>\n\u00a0<\/h6>\n<h6><a href=\"http:\/\/www.paardenfokken.nl\/pedigree.php?horseid=39191\"><img loading=\"lazy\" decoding=\"async\" class=\"alignright\" title=\"Sevillano xx\" src=\"http:\/\/www.stoeterijwelfare.com\/wordpress\/wp-content\/uploads\/2011\/01\/sevillano-xx11.jpg\" alt=\"\" width=\"250\" height=\"183\" \/><\/a><\/h6>\n<p>Far:<br \/>\n<strong>Sevillano xx<\/strong> (e. Alpenk\u00f6nig xx), mor Havanna VIII (e. E.H. Mackensen) kommer fr\u00e5n Herbstgold linjen (t 14 o 2 \u2013 Gest\u00fct Schmoel Panker).<\/p>\n<h2>Hingstar<\/h2>\n<p>Hingstarna vi v\u00e4ljer till v\u00e5r avel ska bilda en bra kombination med v\u00e5ra ston. Vi tar inte bara h\u00e4nsyn till deras anlag f\u00f6r idrott och karakt\u00e4r, utan l\u00e4gger \u00e4ven stor vikt p\u00e5 blodf\u00f6ringen p\u00e5 b\u00e5de fars- och morssida.<\/p>\n<p><strong><img loading=\"lazy\" decoding=\"async\" class=\"alignleft size-full wp-image-1698\" title=\"Advance\" src=\"http:\/\/www.stoeterijwelfare.com\/wordpress\/wp-content\/uploads\/2011\/01\/imagesCATLCUT2.jpg\" alt=\"\" width=\"192\" height=\"128\" \/>Advance<\/strong> \u00e4r en bra utvecklad hingst med mycket utstr\u00e5lning. Han godk\u00e4ndes h\u00f6sten 2008 som avelshingst inom KPWN. Hans far Utrillo van de Heffinck (Clinton x Heartbreaker) \u00e4r internationellt mycket framg\u00e5ngsrik. Mor Ueronette fick 90 po\u00e4ng f\u00f6r<img loading=\"lazy\" decoding=\"async\" class=\"alignright size-full wp-image-1699\" title=\"Advance\" src=\"http:\/\/www.stoeterijwelfare.com\/wordpress\/wp-content\/uploads\/2011\/01\/Advance1.jpg\" alt=\"\" width=\"196\" height=\"275\" \/> l\u00f6shoppningen n\u00e4r hon stambokf\u00f6rdes.<br \/>\nAvkomme-test 2010: \u201cEn enhetlig grupp tillr\u00e4ckligt utvecklade f\u00f6l med mycket utstr\u00e5lning, som \u00e4r tillr\u00e4ckligt till bra i hopph\u00e4stmodellen. Traven \u00e4r v\u00e4gvinnande med bra b\u00f6jning i lederna. Galoppen \u00e4r tillr\u00e4ckligt till bra v\u00e4gvinnande, men skulle flera g\u00e5nger kunna visas med mer kroppsanv\u00e4ndning\u201d.<br \/>\n<a href=\"http:\/\/hengsten.kwpn.nl\/beeld\/najaar2008\/Advance.pdf\" target=\"_blank\">Advance<\/a> st\u00e5r hos <a href=\"http:\/\/www.tewis.nl\/\" target=\"_blank\">Stoeterij Tewis &amp; Van Kooten<\/a> i Westdorp, Nederl\u00e4nderna.<\/p>\n<p><img loading=\"lazy\" decoding=\"async\" title=\"welfare\" src=\"http:\/\/www.stoeterijwelfare.com\/wordpress\/wp-content\/uploads\/2011\/01\/welfare.jpg\" alt=\"\" width=\"450\" height=\"10\" \/><\/p>\n<p><strong><img loading=\"lazy\" decoding=\"async\" class=\"alignleft size-full wp-image-1608\" title=\"Apache\" src=\"http:\/\/www.stoeterijwelfare.com\/wordpress\/wp-content\/uploads\/2011\/01\/images.jpg\" alt=\"\" width=\"199\" height=\"160\" \/>Apache<\/strong> blev reservsegrare dressyr vid KWPN premieringarna i Den Bosch 2008. Han \u00e4r en \u00e4rlig, p\u00e5litlig och intelligent hingst med bra inst\u00e4llning. Apache \u00e4r fortfarande ungdomlig, \u00e4r \u00e4del och har en utomordentlig bakbensaktivitet.\u00a0Modern Tolanda \u00e4r elitpremierad, ur den h\u00e4r stostammen kommer olika segerh\u00e4star och en godk\u00e4nt hingst. Apache \u00e4r verksam inom aveln f\u00f6r KWPN, Oldenburg, Westfaals och SWB.<br \/>\n<img loading=\"lazy\" decoding=\"async\" class=\"alignright size-full wp-image-1702\" title=\"Apache\" src=\"http:\/\/www.stoeterijwelfare.com\/wordpress\/wp-content\/uploads\/2011\/01\/jan2010-apache00412.jpg\" alt=\"\" width=\"187\" height=\"275\" \/>Avkomme-test 2009: \u201cEn grupp enhetliga, ridtypiska, bra utvecklade f\u00f6l som har en tillr\u00e4ckligt till bra rektangul\u00e4rmodell med en tilltalande front n\u00e4r de r\u00f6r p\u00e5 sig. Traven \u00e4r v\u00e4gvinnande med bra b\u00f6jning i lederna. Bakbenen skulle de ibland kunna s\u00e4tta under sig lite b\u00e4ttre. F\u00f6len galopperar l\u00e4tt och med bra b\u00e4righet. N\u00e4r de r\u00f6r sig har f\u00f6len mycket balans, h\u00e5llning och \u00e4r bra p\u00e5 att v\u00e4xla tempo\u201d.<\/p>\n<p><a href=\"http:\/\/hengsten.kwpn.nl\/beeld\/najaar2008\/Apache.pdf\" target=\"_blank\">Apache<\/a> st\u00e5r hos Tr\u00e4ningsstall Witte Scholtens i Schijndel i Holland. Kontakta Ad Valk Dressage Horses eller Piet Kuypers om man \u00e4r intresserad av hingsten till aveln, se \u00e4ven <a href=\"http:\/\/www.hengstenhoudery-kuypers.nl\/\" target=\"_blank\">Hengstenhouderij Kuypers<\/a>\u00a0<\/p>\n<p><img loading=\"lazy\" decoding=\"async\" title=\"welfare\" src=\"http:\/\/www.stoeterijwelfare.com\/wordpress\/wp-content\/uploads\/2011\/01\/welfare.jpg\" alt=\"\" width=\"450\" height=\"10\" \/><\/p>\n<p><strong><strong><img loading=\"lazy\" decoding=\"async\" class=\"alignleft\" title=\"EH Connery\" src=\"http:\/\/www.stoeterijwelfare.com\/wordpress\/wp-content\/uploads\/2011\/01\/Billede-Connery.jpg\" alt=\"\" width=\"150\" height=\"200\" \/><\/strong>Connery<\/strong> deltog 2000 och 2001 i Bundeschampionat (dressyr)\u00a0och gjorde 2003 framg\u00e5ngsrikt sin 30-dagarstest. Han har t\u00e4vlat inom dressyrsporten p\u00e5 Klass S niv\u00e5. 2008 blev han elitpremierad i Trakhener Verband. Han fick priset p\u00e5 grund av hans utomordentliga resultat inom aveln. Han har nu 10 godk\u00e4nda s\u00f6ner, bl.a. silvermedalj\u00f6r i Ungh\u00e4st VM, Imperio (2005) och Editorial (2007). <img loading=\"lazy\" decoding=\"async\" class=\"alignright\" title=\"Connery\" src=\"http:\/\/www.stoeterijwelfare.com\/wordpress\/wp-content\/uploads\/2011\/01\/ed9bcee1af1.jpg\" alt=\"\" width=\"275\" height=\"197\" \/>Connery \u00e4r verksam inom Trakehner Verband, Hannover, Oldenburg, DWB, ASVH, Westfaals, Rheinlander och sen 2011 \u00e4ven i Polen.<\/p>\n<p>Connery st\u00e5r hos <a href=\"http:\/\/www.hoerem.de\/\">Gest\u00fct H\u00f6rem\u00a0<\/a>i Gilten (Tyskland)<\/p>\n<p><img loading=\"lazy\" decoding=\"async\" title=\"welfare\" src=\"http:\/\/www.stoeterijwelfare.com\/wordpress\/wp-content\/uploads\/2011\/01\/welfare.jpg\" alt=\"\" width=\"450\" height=\"10\" \/><\/p>\n<p><strong><strong><a href=\"http:\/\/www.stoeterijwelfare.com\/wordpress\/wp-content\/uploads\/2011\/01\/info71.jpg\"><img loading=\"lazy\" decoding=\"async\" class=\"alignleft\" title=\"Kasparow\" src=\"http:\/\/www.stoeterijwelfare.com\/wordpress\/wp-content\/uploads\/2011\/01\/info71.jpg\" alt=\"\" width=\"207\" height=\"150\" \/><\/a><\/strong>Kasparow<\/strong> godk\u00e4ndes januari 2000\u00a0till aveln inom Trakehner Verband. Som ungh\u00e4st var han aktiv inom det tyska championatet. Det betyder att han tills sitt fj\u00e4rde levnads\u00e5r bara t\u00e4vlade inom dressyr. D\u00e4r klassificerade han sig till det h\u00f6gst n\u00e5bara f\u00f6r ungh\u00e4star; det tyska Bundeschampionatet. Han blev segrare f\u00f6r tre\u00e5riga dressyrh\u00e4star.\u00a0Kasparow \u00e4r en hingst med utomordentliga kvaliteter, <a href=\"http:\/\/www.stoeterijwelfare.com\/wordpress\/wp-content\/uploads\/2011\/01\/sportdresIII2.jpg\"><img loading=\"lazy\" decoding=\"async\" class=\"alignright\" title=\"Kasparow\" src=\"http:\/\/www.stoeterijwelfare.com\/wordpress\/wp-content\/uploads\/2011\/01\/sportdresIII2.jpg\" alt=\"\" width=\"213\" height=\"250\" \/><\/a>som har t\u00e4vlats inom h\u00e4stsportens olika grenar. Inom dressyren har han g\u00e5tt Prix St.George, inom hoppning S i Tyskland och inom F\u00e4ltt\u00e4vlan var han aktiv p\u00e5 CIC2* niv\u00e5. 2009 fick han den h\u00f6gsta utm\u00e4rkelsen en Trakehner hingst kan f\u00e5 och blev Elitpremierad. Han premierades f\u00f6r sina utomordentliga resultat inom idrotten och aveln. Kasparow\u00a0\u00e4r godk\u00e4nd i Trakehner Verband,\u00a0NRPS, Oldenburg, Westfaals,\u00a0Rheinlander\u00a0och DWB.<\/p>\n<p><a href=\"http:\/\/www.trakehnerfreun.de\/img\/Hengste\/Kasparow.html\">Kasparow<\/a> st\u00e5r hos <a href=\"http:\/\/www.kasparow.com\/\" target=\"_blank\">Arja van der Laarse <\/a>i Zevenhuizen, Nederl\u00e4nderna.<\/p>\n<p><img loading=\"lazy\" decoding=\"async\" title=\"welfare\" src=\"http:\/\/www.stoeterijwelfare.com\/wordpress\/wp-content\/uploads\/2011\/01\/welfare.jpg\" alt=\"\" width=\"450\" height=\"10\" \/><\/p>\n<p><strong><strong><img loading=\"lazy\" decoding=\"async\" class=\"alignleft\" title=\"McJonnas\" src=\"http:\/\/www.stoeterijwelfare.com\/wordpress\/wp-content\/uploads\/2011\/01\/image_from_dbCAFT9W9K1.jpg\" alt=\"\" width=\"150\" height=\"219\" \/><\/strong>McJonnas<\/strong>\u00a0f\u00f6ddes 2003 och \u00e4r en s\u00e4llsynt varmblod cremello hingst som h\u00e4rstammar fr\u00e5n tjeckiska varmblod.<br \/>\nCremello (hans f\u00e4rg)\u00a0\u00e4r resultatet av hans dubbla kopior av gulgenen.<\/p>\n<p>Bet\u00e4cker man ett fuxsto med en cremello\u00a0hingst \u00e4r man 100 % s\u00e4ker p\u00e5 att f\u00e5 ett isabellf\u00e4rgat f\u00f6l.\u00a0<br \/>\nMcJonnas \u00e4r en atletisk h\u00e4st som h\u00e4rstammar ur en familj med riktiga topph\u00e4star.<br \/>\nHans stamtavla \u00e4r en resa genom historien, d\u00e4r olika blodlinjer f\u00f6renas. Man hittar d\u00e5 bland annat de k\u00e4nda gyllene Kinskyh\u00e4starna.<br \/>\n<img loading=\"lazy\" decoding=\"async\" class=\"alignright\" title=\"McJonnas\" src=\"http:\/\/www.stoeterijwelfare.com\/wordpress\/wp-content\/uploads\/2011\/01\/ros776011.jpg\" alt=\"\" width=\"250\" height=\"206\" \/>McJonnas\u00a0\u00e4r tillgiven och verkar f\u00f6r\u00e4rva sitt goda lynne till sina f\u00f6l.<br \/>\nHans avkommor kan registreras hos olika stamb\u00f6cker, bl.a. hos KWPN (register B).<\/p>\n<p><a href=\"http:\/\/www.horsetelex.nl\/pedigree.php?horseid=324005\">McJonnas<\/a> st\u00e5r hos <a href=\"http:\/\/www.dalhoeve.nl\/hengst_details.php?tar=paard&amp;Paardid=160\">Dalhoeve<\/a> i Wamel, Nederl\u00e4nderna.<\/p>\n<p><img loading=\"lazy\" decoding=\"async\" title=\"welfare\" src=\"http:\/\/www.stoeterijwelfare.com\/wordpress\/wp-content\/uploads\/2011\/01\/welfare.jpg\" alt=\"\" width=\"450\" height=\"10\" \/><\/p>\n<h2>F\u00f6l<\/h2>\n<p>Vi best\u00e4mmer i god tid vilken hingst vi kommer att anv\u00e4nda under bet\u00e4ckningss\u00e4songen, och sen \u00e4r det bara att v\u00e4nta. Alla f\u00f6l som f\u00f6ds h\u00e4r kommer att f\u00e5 bokst\u00e4verna MB (Makkinje och Bakker) som suffix till sina namn.<\/p>\n<p><strong><img loading=\"lazy\" decoding=\"async\" class=\"alignleft size-full wp-image-1116\" title=\"Falanx MB\" src=\"http:\/\/www.stoeterijwelfare.com\/wordpress\/wp-content\/uploads\/2011\/12\/DSC0170021.jpg\" alt=\"\" width=\"200\" height=\"267\" \/>Falanx MB<\/strong> (e. Advance) f\u00f6dd 22 februar 2010 kl 20. Ett hingstf\u00f6l, brutalt, tufft och en riktig macho. Falanx inbj\u00f6ds till KWPNs avkommetest 2010 och det gav oss en bra bild p\u00e5 hur han \u00e4r vid 5 m\u00e5naders \u00e5lder. Resultat: mankh\u00f6jd 1.32, ett fint utrycksfullt huvud med mycket utstr\u00e5lning. Skritten \u00e4r v\u00e4gvinnande, lite franskt. Traven \u00e4r tillr\u00e4ckligt v\u00e4gvinnande, \u00e4r smidig och kraftfull. Galoppen \u00e4r v\u00e4gvinnande med tillr\u00e4ckligt bra tryck.<\/p>\n<p><strong><strong><img loading=\"lazy\" decoding=\"async\" title=\"welfare\" src=\"http:\/\/www.stoeterijwelfare.com\/wordpress\/wp-content\/uploads\/2011\/01\/welfare.jpg\" alt=\"\" width=\"450\" height=\"10\" \/><\/strong><\/strong><\/p>\n<p><strong><strong><\/strong><strong><strong><\/strong><img loading=\"lazy\" decoding=\"async\" class=\"alignleft\" title=\"Guilietta MB\" src=\"http:\/\/www.stoeterijwelfare.com\/wordpress\/wp-content\/uploads\/2011\/12\/11-06-03-0291.jpg\" alt=\"\" width=\"200\" height=\"267\" \/><\/strong>Guilietta MB<\/strong> (e. Apache) f\u00f6dd 17 februar 2011 kl 00.30. Ett fint stof\u00f6l med ett mycket \u00e4delt skarpt skuret huvud med mycket utstr\u00e5lning. Vi \u00e4r p\u00e5 nyfikna hur hon kommer att bli\u2026!<\/p>\n<p><img loading=\"lazy\" decoding=\"async\" title=\"welfare\" src=\"http:\/\/www.stoeterijwelfare.com\/wordpress\/wp-content\/uploads\/2011\/01\/welfare.jpg\" alt=\"\" width=\"450\" height=\"10\" \/><\/p>\n<p><strong>Hylesia MB<\/strong> (e. EH Kasparow) f\u00f6dd 4 mars 2012 kl 00.30. Ett fint stof\u00f6l, vi \u00e4r p\u00e5 nyfikna hur hon kommer att bli\u2026!<\/p>\n","protected":false},"excerpt":{"rendered":"<p>Stuteriet 2008 startade vi med att f\u00f6da upp h\u00e4star\u2026 en \u00f6nskan eller dr\u00f6m som vi hade haft i minst 20 \u00e5r blev d\u00e5 verklighet. Stuteri Welfare \u00e4r grundad f\u00f6r uppf\u00f6dning och matchning av KWPN f\u00f6l med en dressyrbakgrund. Vi har &hellip; <a class=\"more-link\" href=\"http:\/\/www.stoeterijwelfare.com\/?page_id=913\">Continue reading <span class=\"meta-nav\">&rarr;<\/span><\/a><\/p>\n","protected":false},"author":2,"featured_media":0,"parent":0,"menu_order":0,"comment_status":"closed","ping_status":"closed","template":"","meta":{"footnotes":""},"class_list":["post-913","page","type-page","status-publish","hentry"],"_links":{"self":[{"href":"http:\/\/www.stoeterijwelfare.com\/index.php?rest_route=\/wp\/v2\/pages\/913","targetHints":{"allow":["GET"]}}],"collection":[{"href":"http:\/\/www.stoeterijwelfare.com\/index.php?rest_route=\/wp\/v2\/pages"}],"about":[{"href":"http:\/\/www.stoeterijwelfare.com\/index.php?rest_route=\/wp\/v2\/types\/page"}],"author":[{"embeddable":true,"href":"http:\/\/www.stoeterijwelfare.com\/index.php?rest_route=\/wp\/v2\/users\/2"}],"replies":[{"embeddable":true,"href":"http:\/\/www.stoeterijwelfare.com\/index.php?rest_route=%2Fwp%2Fv2%2Fcomments&post=913"}],"version-history":[{"count":53,"href":"http:\/\/www.stoeterijwelfare.com\/index.php?rest_route=\/wp\/v2\/pages\/913\/revisions"}],"predecessor-version":[{"id":1709,"href":"http:\/\/www.stoeterijwelfare.com\/index.php?rest_route=\/wp\/v2\/pages\/913\/revisions\/1709"}],"wp:attachment":[{"href":"http:\/\/www.stoeterijwelfare.com\/index.php?rest_route=%2Fwp%2Fv2%2Fmedia&parent=913"}],"curies":[{"name":"wp","href":"https:\/\/api.w.org\/{rel}","templated":true}]}}